500420?
0
What is the tens digit of 496312?
1
What is the hundreds digit of 1258548?
5
What is the thousands digit of 93830?
3
What is the tens digit of 945368?
6
What is the ten thousands digit of 19460?
1
What is the ten thousands digit of 2300824?
0
What is the hundreds digit of 339215?
2
What is the hundreds digit of 3254706?
7
What is the millions digit of 2877785?
2
What is the hundreds digit of 27756250?
2
What is the ten thousands digit of 22560?
2
What is the tens digit of 21062588?
8
What is the tens digit of 8784626?
2
What is the hundreds digit of 553008?
0
What is the thousands digit of 250993?
0
What is the tens digit of 205829?
2
What is the ten thousands digit of 1403240?
0
What is the hundreds digit of 2827160?
1
What is the hundred thousands digit of 2797389?
7
What is the hundreds digit of 650552?
5
What is the hundred thousands digit of 19211367?
2
What is the tens digit of 196100?
0
What is the hundreds digit of 257973?
9
What is the ten thousands digit of 3064307?
6
What is the millions digit of 12084314?
2
What is the thousands digit of 809757?
9
What is the millions digit of 10773088?
0
What is the thousands digit of 1097826?
7
What is the hundred thousands digit of 3706966?
7
What is the units digit of 29304?
4
What is the hundreds digit of 936772?
7
What is the ten thousands digit of 1155323?
5
What is the thousands digit of 133780?
3
What is the tens digit of 27383427?
2
What is the ten thousands digit of 7872558?
7
What is the tens digit of 17675?
7
What is the units digit of 171465?
5
What is the hundred thousands digit of 8637348?
6
What is the tens digit of 633683?
8
What is the units digit of 12657483?
3
What is the tens digit of 1930051?
5
What is the units digit of 6594224?
4
What is the hundreds digit of 694137?
1
What is the hundreds digit of 1411339?
3
What is the ten thousands digit of 26046?
2
What is the hundreds digit of 1175757?
7
What is the units digit of 2114595?
5
What is the hundred thousands digit of 1206560?
2
What is the thousands digit of 554613?
4
What is the ten thousands digit of 14571926?
7
What is the hundreds digit of 64706?
7
What is the ten thousands digit of 1556235?
5
What is the ten thousands digit of 1132366?
3
What is the units digit of 5695538?
8
What is the millions digit of 8350832?
8
What is the thousands digit of 46195?
6
What is the thousands digit of 4860860?
0
What is the ten thousands digit of 66196?
6
What is the tens digit of 41507?
0
What is the ten thousands digit of 502109?
0
What is the tens digit of 139598?
9
What is the ten thousands digit of 4643842?
4
What is the millions digit of 3534400?
3
What is the hundreds digit of 1755524?
5
What is the hundred thousands digit of 5317576?
3
What is the millions digit of 16788739?
6
What is the tens digit of 7873677?
7
What is the units digit of 1650846?
6
What is the thousands digit of 72160?
2
What is the tens digit of 907708?
0
What is the millions digit of 19562525?
9
What is the hundred thousands digit of 9921722?
9
What is the ten thousands digit of 2021542?
2
What is the tens digit of 1373244?
4
What is the hundreds digit of 8571270?
2
What is the hundred thousands digit of 4439140?
4
What is the thousands digit of 2691882?
1
What is the hundred thousands digit of 2573077?
5
What is the hundreds digit of 85939?
9
What is the ten thousands digit of 582255?
8
What is the units digit of 895612?
2
What is the millions digit of 1242523?
1
What is the thousands digit of 4015344?
5
What is the units digit of 4272553?
3
What is the hundred thousands digit of 1227119?
2
What is the units digit of 197453?
3
What is the ten millions digit of 28778459?
2
What is the thousands digit of 339610?
9
What is the ten thousands digit of 231435?
3
What is the thousands digit of 1071055?
1
What is the ten thousands digit of 312795?
1
What is the tens digit of 16132?
3
What is the ten thousands digit of 1116424?
1
What is the thousands digit of 990616?
0
What is the tens digit of 12429762?
6
What is the units digit of 4500592?
2
What is the ten millions digit of 15557511?
1
What is the ten thousands digit of 2195640?
9
What is the hundreds digit of 263532?
5
What is the units digit of 510116?
6
What is the thousands digit of 229603?
9
What is the millions digit of 4962612?
4
What is the units digit of 506?
6
What is the hundreds digit of 6175136?
1
What is the hundred thousands digit of 105935?
1
What is the ten thousands digit of 21641731?
4
What is the thousands digit of 178880?
8
What is the millions digit of 3930859?
3
What is the ten thousands digit of 219274?
1
What is the units digit of 49460?
0
What is the units digit of 3225356?
6
What is the hundreds digit of 330979?
9
What is the ten thousands digit of 167177?
6
What is the thousands digit of 15557437?
7
What is the units digit of 633323?
3
What is the units digit of 3572422?
2
What is the units digit of 279696?
6
What is the hundreds digit of 1225422?
4
What is the millions digit of 1379769?
1
What is the hundreds digit of 160439?
4
What is the hundreds digit of 12535570?
5
What is the tens digit of 5299877?
7
What is the hundreds digit of 99830?
8
What is the thousands digit of 2010901?
0
What is the units digit of 4697822?
2
What is the tens digit of 319680?
8
What is the thousands digit of 30909735?
9
What is the thousands digit of 91646?
1
What is the thousands digit of 37891876?
1
What is the thousands digit of 26997410?
7
What is the hundreds digit of 22116?
1
What is the ten thousands digit of 347514?
4
What is the thousands digit of 6687838?
7
What is the units digit of 1168517?
7
What is the units digit of 1762544?
4
What is the hundreds digit of 28484386?
3
What is the units digit of 568622?
2
What is the units digit of 208343?
3
What is the thousands digit of 533858?
3
What is the tens digit of 459102?
0
What is the units digit of 497482?
2
What is the hundreds digit of 4274789?
7
What is the hundreds digit of 1139189?
1
What is the ten thousands digit of 12440775?
4
What is the thousands digit of 200047?
0
What is the hundreds digit of 167444?
4
What is the ten thousands digit of 2627734?
2
What is the hundred thousands digit of 2278260?
2
What is the tens digit of 6046223?
2
What is the hundred thousands digit of 121386?
1
What is the ten thousands digit of 1510793?
1
What is the tens digit of 10373834?
3
What is the ten thousands digit of 786999?
8
What is the hundred thousands digit of 1662154?
6
What is the tens digit of 8836032?
3
What is the hundreds digit of 2950762?
7
What is the hundreds digit of 5322930?
9
What is the hundred thousands digit of 1170951?
1
What is the ten thousands digit of 1483032?
8
What is the ten thousands digit of 560611?
6
What is the units digit of 7723398?
8
What is the ten thousands digit of 1927928?
2
What is the millions digit of 1783342?
1
What is the tens digit of 15875?
7
What is the ten millions digit of 32436454?
3
What is the tens digit of 364271?
7
What is the millions digit of 1321686?
1
What is the units digit of 4333076?
6
What is the units digit of 178142?
2
What is the units digit of 3439?
9
What is the ten millions digit of 21607228?
2
What is the hundred thousands digit of 2625700?
6
What is the units digit of 1493941?
1
What is the millions digit of 1473674?
1
What is the millions digit of 2785859?
2
What is the millions digit of 1909918?
1
What is the hundred thousands digit of 24110878?
1
What is the tens digit of 18132135?
3
What is the tens digit of 315747?
4
What is the hundred thousands digit of 8125452?
1
What is the millions digit of 14479270?
4
What is the tens digit of 5124?
2
What is the thousands digit of 8203838?
3
What is the hundred thousands digit of 743607?
7
What is the thousands digit of 213954?
3
What is the units digit of 68076?
6
What is the hundred thousands digit of 155363?
1
What is the units digit of 2722989?
9
What is the units digit of 13425839?
9
What is the thousands digit of 59026?
9
What is the tens digit of 294985?
8
What is the ten thousands digit of 7627863?
2
What is the hundreds digit of 222504?
5
What is the thousands digit of 1872705?
2
What is the units digit of 479488?
8
What is the hundreds digit of 232257?
2
What is the tens digit of 1668723?
2
What is the millions d